{"id":53,"date":"2019-02-07T01:07:38","date_gmt":"2019-02-07T00:07:38","guid":{"rendered":"https:\/\/www.iaeste-darmstadt.de\/new\/?page_id=53"},"modified":"2022-01-25T20:05:33","modified_gmt":"2022-01-25T19:05:33","slug":"iaeste-allgemein","status":"publish","type":"page","link":"https:\/\/www.iaeste-darmstadt.de\/new\/lc-darmstadt\/iaeste-allgemein\/","title":{"rendered":"IAESTE Allgemein"},"content":{"rendered":"\t\t<div data-elementor-type=\"wp-page\" data-elementor-id=\"53\" class=\"elementor elementor-53\">\n\t\t\t\t\t\t<section class=\"elementor-section elementor-top-section elementor-element elementor-element-c41cb76 elementor-section-boxed elementor-section-height-default elementor-section-height-default\" data-id=\"c41cb76\" data-element_type=\"section\" data-e-type=\"section\">\n\t\t\t\t\t\t<div class=\"elementor-container elementor-column-gap-default\">\n\t\t\t\t\t<div class=\"elementor-column elementor-col-100 elementor-top-column elementor-element elementor-element-bd1fe9c\" data-id=\"bd1fe9c\" data-element_type=\"column\" data-e-type=\"column\">\n\t\t\t<div class=\"elementor-widget-wrap elementor-element-populated\">\n\t\t\t\t\t\t<div class=\"elementor-element elementor-element-0694eaf elementor-widget elementor-widget-text-editor\" data-id=\"0694eaf\" data-element_type=\"widget\" data-e-type=\"widget\" data-widget_type=\"text-editor.default\">\n\t\t\t\t<div class=\"elementor-widget-container\">\n\t\t\t\t\t\t\t\t\t<h4>IAESTE in K\u00fcrze<\/h4>\n<ul>\n<li>Weltweiter Praktikant*innenaustausch<\/li>\n<li>Weltweit etwa 80 Mitgliedsl\u00e4nder<\/li>\n<li>In Deutschland Teil des DAAD<\/li>\n<li>Zurzeit j\u00e4hrlich etwa 1000 getauschte Praktikumspl\u00e4tze f\u00fcr Deutschland<\/li>\n<li>Betreuung erfolgt an den Universit\u00e4ten zumeist ehrenamtlich durch Student*innen<\/li>\n<li>Anzahl angebotener Praktikumspl\u00e4tze = Anzahl erhaltener Praktikumspl\u00e4tze<\/li>\n<\/ul>\n<h4>&nbsp;<\/h4>\n<h4>Was ist IAESTE?<\/h4>\n<p>Die International Association for the Exchange of Students for Technical Experience, kurz IAESTE, ist eine internationale, unpolitische, unabh\u00e4ngige Organisation zur Vermittlung von Praktikumspl\u00e4tzen im Ausland.<\/p>\n<h4>&nbsp;<\/h4>\n<h4>IAESTE Historie<\/h4>\n<p>IAESTE wurde im Jahr 1948 in London gegr\u00fcndet und hat bisher weltweit schon \u00fcber 300.000 Student*innen in mehr als 85 L\u00e4nder vermittelt. Die Bundesrepublik Deutschland ist seit 1950 Mitglied im IAESTE-Programm und wird vertreten durch den Deutschen Akademischen Austauschdienst (DAAD).<\/p>\n<h4>&nbsp;<\/h4>\n<h4>IAESTE Organisationsstruktur<\/h4>\n<p>In jedem Mitgliedsland gibt es ein Nationalkomitee (NC) und viele Lokalkomitees (LC) an den Hochschulen. In Deutschland ist das Nationalkomitee durch ein Referat des Deutschen Akademischen Austauschdienstes (DAAD) repr\u00e4sentiert. IAESTE wird durch das Bundesministerium f\u00fcr Bildung und Wissenschaft sowie das Ausw\u00e4rtige Amt unterst\u00fctzt. Vor Ort werden die Lokalkomitees von engagierten Student*innen der jeweiligen Hochschulen gebildet. Wo dies nicht m\u00f6glich ist, nehmen die Akademischen Auslands\u00e4mter die Aufgaben von IAESTE wahr.<\/p>\n<h4>&nbsp;<\/h4>\n<h4>Aufgaben von IAESTE<\/h4>\n<p>Die Lokalkomitees (LC) nehmen zum einen die Bewerbungen f\u00fcr Auslandspraktika entgegen. Die Vermittlung dieser Praktika, die in der Regel zwischen 8 und 12 Wochen lang sind, erfolgt selbstverst\u00e4ndlich unentgeltlich. Zum anderen betreuen die LC&#8217;s auch die ausl\u00e4ndischen Student*innen vor Ort. Dies schlie\u00dft z.B. Zimmersuche, Beh\u00f6rdeng\u00e4nge sowie Freizeitprogramm ein.<\/p>\n<h4>&nbsp;<\/h4>\n<h4>Ziel von IAESTE<\/h4>\n<p>IAESTE Praktika sollen Student*innen der Ingenieur- und Naturwissenschaften, der Mathematik, Informatik, sowie Land- und Forstwirtschaften einen besseren Praxisbezug vermitteln und einen Einblick in das Leben, die Kultur und die Denkweise anderer Kulturen und Menschen gew\u00e4hren.<\/p>\t\t\t\t\t\t\t\t<\/div>\n\t\t\t\t<\/div>\n\t\t\t\t\t<\/div>\n\t\t<\/div>\n\t\t\t\t\t<\/div>\n\t\t<\/section>\n\t\t\t\t<\/div>\n\t\t","protected":false},"excerpt":{"rendered":"<p>IAESTE in K\u00fcrze Weltweiter Praktikant*innenaustausch Weltweit etwa 80 Mitgliedsl\u00e4nder In Deutschland Teil des DAAD Zurzeit j\u00e4hrlich etwa 1000 getauschte Praktikumspl\u00e4tze f\u00fcr Deutschland Betreuung erfolgt an den Universit\u00e4ten zumeist ehrenamtlich durch Student*innen Anzahl angebotener Praktikumspl\u00e4tze = Anzahl erhaltener Praktikumspl\u00e4tze &nbsp; Was [&hellip;]<\/p>\n","protected":false},"author":1,"featured_media":0,"parent":35,"menu_order":0,"comment_status":"closed","ping_status":"closed","template":"","meta":{"footnotes":""},"class_list":["post-53","page","type-page","status-publish","hentry"],"yoast_head":"<!-- This site is optimized with the Yoast SEO plugin v27.2 - https:\/\/yoast.com\/product\/yoast-seo-wordpress\/ -->\n<title>IAESTE Allgemein - IAESTE LC Darmstadt<\/title>\n<meta name=\"robots\" content=\"index, follow, max-snippet:-1, max-image-preview:large, max-video-preview:-1\" \/>\n<link rel=\"canonical\" href=\"https:\/\/www.iaeste-darmstadt.de\/new\/lc-darmstadt\/iaeste-allgemein\/\" \/>\n<meta property=\"og:locale\" content=\"de_DE\" \/>\n<meta property=\"og:type\" content=\"article\" \/>\n<meta property=\"og:title\" content=\"IAESTE Allgemein - IAESTE LC Darmstadt\" \/>\n<meta property=\"og:description\" content=\"IAESTE in K\u00fcrze Weltweiter Praktikant*innenaustausch Weltweit etwa 80 Mitgliedsl\u00e4nder In Deutschland Teil des DAAD Zurzeit j\u00e4hrlich etwa 1000 getauschte Praktikumspl\u00e4tze f\u00fcr Deutschland Betreuung erfolgt an den Universit\u00e4ten zumeist ehrenamtlich durch Student*innen Anzahl angebotener Praktikumspl\u00e4tze = Anzahl erhaltener Praktikumspl\u00e4tze &nbsp; Was [&hellip;]\" \/>\n<meta property=\"og:url\" content=\"https:\/\/www.iaeste-darmstadt.de\/new\/lc-darmstadt\/iaeste-allgemein\/\" \/>\n<meta property=\"og:site_name\" content=\"IAESTE LC Darmstadt\" \/>\n<meta property=\"article:modified_time\" content=\"2022-01-25T19:05:33+00:00\" \/>\n<meta name=\"twitter:card\" content=\"summary_large_image\" \/>\n<meta name=\"twitter:label1\" content=\"Gesch\u00e4tzte Lesezeit\" \/>\n\t<meta name=\"twitter:data1\" content=\"1\u00a0Minute\" \/>\n<script type=\"application\/ld+json\" class=\"yoast-schema-graph\">{\"@context\":\"https:\/\/schema.org\",\"@graph\":[{\"@type\":\"WebPage\",\"@id\":\"https:\/\/www.iaeste-darmstadt.de\/new\/lc-darmstadt\/iaeste-allgemein\/\",\"url\":\"https:\/\/www.iaeste-darmstadt.de\/new\/lc-darmstadt\/iaeste-allgemein\/\",\"name\":\"IAESTE Allgemein - IAESTE LC Darmstadt\",\"isPartOf\":{\"@id\":\"https:\/\/www.iaeste-darmstadt.de\/new\/#website\"},\"datePublished\":\"2019-02-07T00:07:38+00:00\",\"dateModified\":\"2022-01-25T19:05:33+00:00\",\"breadcrumb\":{\"@id\":\"https:\/\/www.iaeste-darmstadt.de\/new\/lc-darmstadt\/iaeste-allgemein\/#breadcrumb\"},\"inLanguage\":\"de\",\"potentialAction\":[{\"@type\":\"ReadAction\",\"target\":[\"https:\/\/www.iaeste-darmstadt.de\/new\/lc-darmstadt\/iaeste-allgemein\/\"]}]},{\"@type\":\"BreadcrumbList\",\"@id\":\"https:\/\/www.iaeste-darmstadt.de\/new\/lc-darmstadt\/iaeste-allgemein\/#breadcrumb\",\"itemListElement\":[{\"@type\":\"ListItem\",\"position\":1,\"name\":\"Startseite\",\"item\":\"https:\/\/www.iaeste-darmstadt.de\/new\/\"},{\"@type\":\"ListItem\",\"position\":2,\"name\":\"IAESTE LC Darmstadt\",\"item\":\"http:\/\/www.iaeste-darmstadt.de\/new\/en\/lc-darmstadt\/\"},{\"@type\":\"ListItem\",\"position\":3,\"name\":\"IAESTE Allgemein\"}]},{\"@type\":\"WebSite\",\"@id\":\"https:\/\/www.iaeste-darmstadt.de\/new\/#website\",\"url\":\"https:\/\/www.iaeste-darmstadt.de\/new\/\",\"name\":\"IAESTE LC Darmstadt\",\"description\":\"International Association for the Exchange of Students for Technical Experience\",\"potentialAction\":[{\"@type\":\"SearchAction\",\"target\":{\"@type\":\"EntryPoint\",\"urlTemplate\":\"https:\/\/www.iaeste-darmstadt.de\/new\/?s={search_term_string}\"},\"query-input\":{\"@type\":\"PropertyValueSpecification\",\"valueRequired\":true,\"valueName\":\"search_term_string\"}}],\"inLanguage\":\"de\"}]}<\/script>\n<!-- \/ Yoast SEO plugin. -->","yoast_head_json":{"title":"IAESTE Allgemein - IAESTE LC Darmstadt","robots":{"index":"index","follow":"follow","max-snippet":"max-snippet:-1","max-image-preview":"max-image-preview:large","max-video-preview":"max-video-preview:-1"},"canonical":"https:\/\/www.iaeste-darmstadt.de\/new\/lc-darmstadt\/iaeste-allgemein\/","og_locale":"de_DE","og_type":"article","og_title":"IAESTE Allgemein - IAESTE LC Darmstadt","og_description":"IAESTE in K\u00fcrze Weltweiter Praktikant*innenaustausch Weltweit etwa 80 Mitgliedsl\u00e4nder In Deutschland Teil des DAAD Zurzeit j\u00e4hrlich etwa 1000 getauschte Praktikumspl\u00e4tze f\u00fcr Deutschland Betreuung erfolgt an den Universit\u00e4ten zumeist ehrenamtlich durch Student*innen Anzahl angebotener Praktikumspl\u00e4tze = Anzahl erhaltener Praktikumspl\u00e4tze &nbsp; Was [&hellip;]","og_url":"https:\/\/www.iaeste-darmstadt.de\/new\/lc-darmstadt\/iaeste-allgemein\/","og_site_name":"IAESTE LC Darmstadt","article_modified_time":"2022-01-25T19:05:33+00:00","twitter_card":"summary_large_image","twitter_misc":{"Gesch\u00e4tzte Lesezeit":"1\u00a0Minute"},"schema":{"@context":"https:\/\/schema.org","@graph":[{"@type":"WebPage","@id":"https:\/\/www.iaeste-darmstadt.de\/new\/lc-darmstadt\/iaeste-allgemein\/","url":"https:\/\/www.iaeste-darmstadt.de\/new\/lc-darmstadt\/iaeste-allgemein\/","name":"IAESTE Allgemein - IAESTE LC Darmstadt","isPartOf":{"@id":"https:\/\/www.iaeste-darmstadt.de\/new\/#website"},"datePublished":"2019-02-07T00:07:38+00:00","dateModified":"2022-01-25T19:05:33+00:00","breadcrumb":{"@id":"https:\/\/www.iaeste-darmstadt.de\/new\/lc-darmstadt\/iaeste-allgemein\/#breadcrumb"},"inLanguage":"de","potentialAction":[{"@type":"ReadAction","target":["https:\/\/www.iaeste-darmstadt.de\/new\/lc-darmstadt\/iaeste-allgemein\/"]}]},{"@type":"BreadcrumbList","@id":"https:\/\/www.iaeste-darmstadt.de\/new\/lc-darmstadt\/iaeste-allgemein\/#breadcrumb","itemListElement":[{"@type":"ListItem","position":1,"name":"Startseite","item":"https:\/\/www.iaeste-darmstadt.de\/new\/"},{"@type":"ListItem","position":2,"name":"IAESTE LC Darmstadt","item":"http:\/\/www.iaeste-darmstadt.de\/new\/en\/lc-darmstadt\/"},{"@type":"ListItem","position":3,"name":"IAESTE Allgemein"}]},{"@type":"WebSite","@id":"https:\/\/www.iaeste-darmstadt.de\/new\/#website","url":"https:\/\/www.iaeste-darmstadt.de\/new\/","name":"IAESTE LC Darmstadt","description":"International Association for the Exchange of Students for Technical Experience","potentialAction":[{"@type":"SearchAction","target":{"@type":"EntryPoint","urlTemplate":"https:\/\/www.iaeste-darmstadt.de\/new\/?s={search_term_string}"},"query-input":{"@type":"PropertyValueSpecification","valueRequired":true,"valueName":"search_term_string"}}],"inLanguage":"de"}]}},"_links":{"self":[{"href":"https:\/\/www.iaeste-darmstadt.de\/new\/wp-json\/wp\/v2\/pages\/53","targetHints":{"allow":["GET"]}}],"collection":[{"href":"https:\/\/www.iaeste-darmstadt.de\/new\/wp-json\/wp\/v2\/pages"}],"about":[{"href":"https:\/\/www.iaeste-darmstadt.de\/new\/wp-json\/wp\/v2\/types\/page"}],"author":[{"embeddable":true,"href":"https:\/\/www.iaeste-darmstadt.de\/new\/wp-json\/wp\/v2\/users\/1"}],"replies":[{"embeddable":true,"href":"https:\/\/www.iaeste-darmstadt.de\/new\/wp-json\/wp\/v2\/comments?post=53"}],"version-history":[{"count":11,"href":"https:\/\/www.iaeste-darmstadt.de\/new\/wp-json\/wp\/v2\/pages\/53\/revisions"}],"predecessor-version":[{"id":612,"href":"https:\/\/www.iaeste-darmstadt.de\/new\/wp-json\/wp\/v2\/pages\/53\/revisions\/612"}],"up":[{"embeddable":true,"href":"https:\/\/www.iaeste-darmstadt.de\/new\/wp-json\/wp\/v2\/pages\/35"}],"wp:attachment":[{"href":"https:\/\/www.iaeste-darmstadt.de\/new\/wp-json\/wp\/v2\/media?parent=53"}],"curies":[{"name":"wp","href":"https:\/\/api.w.org\/{rel}","templated":true}]}}